{"id":101,"date":"2022-12-14T11:31:07","date_gmt":"2022-12-14T10:31:07","guid":{"rendered":"http:\/\/www.tresorderhum.fr\/?page_id=101"},"modified":"2022-12-17T09:40:35","modified_gmt":"2022-12-17T08:40:35","slug":"les-ateliers","status":"publish","type":"page","link":"https:\/\/www.tresorderhum.fr\/index.php\/les-ateliers\/","title":{"rendered":"Les ateliers"},"content":{"rendered":"\n<h2 class=\"has-large-font-size wp-block-heading\"><strong><strong>Diff\u00e9rents&nbsp;ateliers,<br>Diff\u00e9rentes explorations&nbsp;<\/strong><\/strong><\/h2>\n\n\n\n<p>Les ateliers abordent diff\u00e9rents aspects de chaque rhum, le repla\u00e7ant dans un environnement, dans une histoire, mais aussi dans un ensemble de savoir-faire.<br>Ces ateliers sont des rencontres entre amateurs venus de diff\u00e9rents horizons. Chacun a emprunt\u00e9 son propre chemin&nbsp;pour venir au rhum, gr\u00e2ce \u00e0 des amis, des coll\u00e8gues, des voyages ou simplement parfois gr\u00e2ce au hasard d&rsquo;une heureuse rencontre. Et lorsqu&rsquo;on a d\u00e9couvert le rhum, on le garde comme compagnon d&rsquo;ailleurs. Il devient alors source de nouvelles rencontres et de nouveaux \u00e9changes. Choisissez votre atelier coup de c\u0153ur !&nbsp;<\/p>\n\n\n\n<h2 class=\"has-large-font-size wp-block-heading\"><strong>Pour apprendre, pour conna\u00eetre<\/strong><\/h2>\n\n\n\n<p>C&rsquo;est l&rsquo;une des meilleures occasions d&rsquo;approfondir vos connaissances \u00e0 travers la grande et la petite histoire du rhum, des mers et oc\u00e9ans lointains aux rives de l&rsquo;Europe, des plantations d&rsquo;outre-mer aux tranch\u00e9es de 14, des cales de la Royal Navy aux tables de la Cour d&rsquo;Espagne.<br>Les routes de la canne \u00e0 sucre, de l&rsquo;Antiquit\u00e9 \u00e0 nos jours n&rsquo;auront plus de secret pour vous.&nbsp;<br>Aujourd&rsquo;hui encore l&rsquo;histoire s&rsquo;\u00e9crit sous nos yeux. L&rsquo;atelier \u00ab Histoire du rhum \u00bb est fait pour vous ! Les m\u00e9thodes de fabrication vous seront r\u00e9v\u00e9l\u00e9es, en vous rendant \u00e0 l&rsquo;atelier des \u00ab Rhums d&rsquo;exception \u00bb.<br>Les ateliers \u00ab Rhums et Chocolat \u00bb, \u00ab Rhums et Cocktails \u00bb&nbsp; vous transporterons dans le savoureux tandis que l&rsquo;atelier \u00ab\u00a0Rhums et Pirates\u00a0\u00bb fera appel \u00e0 votre imaginaire.<\/p>\n\n\n\n<p style=\"font-size:25px\"><strong>Et bien d&rsquo;autres ateliers&#8230;.<br>Nous pouvons personnaliser \u00e0 100% un atelier de d\u00e9gustation en fonction de vos go\u00fbts, de vos envies, ou des participants-es<\/strong>.<\/p>\n\n\n\n<p><\/p>\n","protected":false},"excerpt":{"rendered":"<p>Diff\u00e9rents&nbsp;ateliers,Diff\u00e9rentes explorations&nbsp; Les ateliers abordent diff\u00e9rents aspects de chaque rhum, le repla\u00e7ant dans un environnement, dans une histoire, mais aussi dans un ensemble de savoir-faire.Ces ateliers sont des rencontres entre amateurs venus de diff\u00e9rents horizons. Chacun a emprunt\u00e9 son propre chemin&nbsp;pour venir au rhum, gr\u00e2ce \u00e0 des amis, des coll\u00e8gues, des voyages ou simplement parfois &hellip; <\/p>\n<p class=\"link-more\"><a href=\"https:\/\/www.tresorderhum.fr\/index.php\/les-ateliers\/\" class=\"more-link\">Continuer la lecture<span class=\"screen-reader-text\"> de &laquo;&nbsp;Les ateliers&nbsp;&raquo;<\/span><\/a><\/p>\n","protected":false},"author":1,"featured_media":64,"parent":0,"menu_order":0,"comment_status":"closed","ping_status":"closed","template":"","meta":{"footnotes":""},"class_list":["post-101","page","type-page","status-publish","has-post-thumbnail","hentry"],"yoast_head":"<!-- This site is optimized with the Yoast SEO plugin v27.5 - https:\/\/yoast.com\/product\/yoast-seo-wordpress\/ -->\n<title>Les ateliers - Tr\u00e9sor de Rhum<\/title>\n<meta name=\"robots\" content=\"index, follow, max-snippet:-1, max-image-preview:large, max-video-preview:-1\" \/>\n<link rel=\"canonical\" href=\"https:\/\/www.tresorderhum.fr\/index.php\/les-ateliers\/\" \/>\n<meta property=\"og:locale\" content=\"fr_FR\" \/>\n<meta property=\"og:type\" content=\"article\" \/>\n<meta property=\"og:title\" content=\"Les ateliers - Tr\u00e9sor de Rhum\" \/>\n<meta property=\"og:description\" content=\"Diff\u00e9rents&nbsp;ateliers,Diff\u00e9rentes explorations&nbsp; Les ateliers abordent diff\u00e9rents aspects de chaque rhum, le repla\u00e7ant dans un environnement, dans une histoire, mais aussi dans un ensemble de savoir-faire.Ces ateliers sont des rencontres entre amateurs venus de diff\u00e9rents horizons. Chacun a emprunt\u00e9 son propre chemin&nbsp;pour venir au rhum, gr\u00e2ce \u00e0 des amis, des coll\u00e8gues, des voyages ou simplement parfois &hellip; Continuer la lecture de &laquo;&nbsp;Les ateliers&nbsp;&raquo;\" \/>\n<meta property=\"og:url\" content=\"https:\/\/www.tresorderhum.fr\/index.php\/les-ateliers\/\" \/>\n<meta property=\"og:site_name\" content=\"Tr\u00e9sor de Rhum\" \/>\n<meta property=\"article:publisher\" content=\"https:\/\/www.facebook.com\/tresorderhum\/\" \/>\n<meta property=\"article:modified_time\" content=\"2022-12-17T08:40:35+00:00\" \/>\n<meta property=\"og:image\" content=\"https:\/\/www.tresorderhum.fr\/wp-content\/uploads\/2022\/12\/AdobeStock_293240918-scaled.jpeg\" \/>\n\t<meta property=\"og:image:width\" content=\"2560\" \/>\n\t<meta property=\"og:image:height\" content=\"1707\" \/>\n\t<meta property=\"og:image:type\" content=\"image\/jpeg\" \/>\n<meta name=\"twitter:card\" content=\"summary_large_image\" \/>\n<meta name=\"twitter:label1\" content=\"Dur\u00e9e de lecture estim\u00e9e\" \/>\n\t<meta name=\"twitter:data1\" content=\"2 minutes\" \/>\n<script type=\"application\/ld+json\" class=\"yoast-schema-graph\">{\"@context\":\"https:\\\/\\\/schema.org\",\"@graph\":[{\"@type\":\"WebPage\",\"@id\":\"https:\\\/\\\/www.tresorderhum.fr\\\/index.php\\\/les-ateliers\\\/\",\"url\":\"https:\\\/\\\/www.tresorderhum.fr\\\/index.php\\\/les-ateliers\\\/\",\"name\":\"Les ateliers - Tr\u00e9sor de Rhum\",\"isPartOf\":{\"@id\":\"https:\\\/\\\/www.tresorderhum.fr\\\/#website\"},\"primaryImageOfPage\":{\"@id\":\"https:\\\/\\\/www.tresorderhum.fr\\\/index.php\\\/les-ateliers\\\/#primaryimage\"},\"image\":{\"@id\":\"https:\\\/\\\/www.tresorderhum.fr\\\/index.php\\\/les-ateliers\\\/#primaryimage\"},\"thumbnailUrl\":\"https:\\\/\\\/www.tresorderhum.fr\\\/wp-content\\\/uploads\\\/2022\\\/12\\\/AdobeStock_293240918-scaled.jpeg\",\"datePublished\":\"2022-12-14T10:31:07+00:00\",\"dateModified\":\"2022-12-17T08:40:35+00:00\",\"breadcrumb\":{\"@id\":\"https:\\\/\\\/www.tresorderhum.fr\\\/index.php\\\/les-ateliers\\\/#breadcrumb\"},\"inLanguage\":\"fr-FR\",\"potentialAction\":[{\"@type\":\"ReadAction\",\"target\":[\"https:\\\/\\\/www.tresorderhum.fr\\\/index.php\\\/les-ateliers\\\/\"]}]},{\"@type\":\"ImageObject\",\"inLanguage\":\"fr-FR\",\"@id\":\"https:\\\/\\\/www.tresorderhum.fr\\\/index.php\\\/les-ateliers\\\/#primaryimage\",\"url\":\"https:\\\/\\\/www.tresorderhum.fr\\\/wp-content\\\/uploads\\\/2022\\\/12\\\/AdobeStock_293240918-scaled.jpeg\",\"contentUrl\":\"https:\\\/\\\/www.tresorderhum.fr\\\/wp-content\\\/uploads\\\/2022\\\/12\\\/AdobeStock_293240918-scaled.jpeg\",\"width\":2560,\"height\":1707,\"caption\":\"Young guys holding glasses of rhum on holiday . Hands with glasses closeup.\"},{\"@type\":\"BreadcrumbList\",\"@id\":\"https:\\\/\\\/www.tresorderhum.fr\\\/index.php\\\/les-ateliers\\\/#breadcrumb\",\"itemListElement\":[{\"@type\":\"ListItem\",\"position\":1,\"name\":\"Accueil\",\"item\":\"https:\\\/\\\/www.tresorderhum.fr\\\/\"},{\"@type\":\"ListItem\",\"position\":2,\"name\":\"Les ateliers\"}]},{\"@type\":\"WebSite\",\"@id\":\"https:\\\/\\\/www.tresorderhum.fr\\\/#website\",\"url\":\"https:\\\/\\\/www.tresorderhum.fr\\\/\",\"name\":\"Tr\u00e9sor de Rhum\",\"description\":\"ORGANISER UNE SOIR\u00c9E DEGUSTATION \u00c0 DOMICILE 100% D\u00c9DI\u00c9E AU RHUM, C\u2019EST ORIGINAL !\",\"publisher\":{\"@id\":\"https:\\\/\\\/www.tresorderhum.fr\\\/#organization\"},\"potentialAction\":[{\"@type\":\"SearchAction\",\"target\":{\"@type\":\"EntryPoint\",\"urlTemplate\":\"https:\\\/\\\/www.tresorderhum.fr\\\/?s={search_term_string}\"},\"query-input\":{\"@type\":\"PropertyValueSpecification\",\"valueRequired\":true,\"valueName\":\"search_term_string\"}}],\"inLanguage\":\"fr-FR\"},{\"@type\":\"Organization\",\"@id\":\"https:\\\/\\\/www.tresorderhum.fr\\\/#organization\",\"name\":\"Tr\u00e9sor de Rhum\",\"url\":\"https:\\\/\\\/www.tresorderhum.fr\\\/\",\"logo\":{\"@type\":\"ImageObject\",\"inLanguage\":\"fr-FR\",\"@id\":\"https:\\\/\\\/www.tresorderhum.fr\\\/#\\\/schema\\\/logo\\\/image\\\/\",\"url\":\"https:\\\/\\\/www.tresorderhum.fr\\\/wp-content\\\/uploads\\\/2022\\\/12\\\/cropped-Tresor-de-rhum-1.png\",\"contentUrl\":\"https:\\\/\\\/www.tresorderhum.fr\\\/wp-content\\\/uploads\\\/2022\\\/12\\\/cropped-Tresor-de-rhum-1.png\",\"width\":250,\"height\":250,\"caption\":\"Tr\u00e9sor de Rhum\"},\"image\":{\"@id\":\"https:\\\/\\\/www.tresorderhum.fr\\\/#\\\/schema\\\/logo\\\/image\\\/\"},\"sameAs\":[\"https:\\\/\\\/www.facebook.com\\\/tresorderhum\\\/\",\"https:\\\/\\\/www.instagram.com\\\/tresorderhum\\\/?hl=fr\"]}]}<\/script>\n<!-- \/ Yoast SEO plugin. -->","yoast_head_json":{"title":"Les ateliers - Tr\u00e9sor de Rhum","robots":{"index":"index","follow":"follow","max-snippet":"max-snippet:-1","max-image-preview":"max-image-preview:large","max-video-preview":"max-video-preview:-1"},"canonical":"https:\/\/www.tresorderhum.fr\/index.php\/les-ateliers\/","og_locale":"fr_FR","og_type":"article","og_title":"Les ateliers - Tr\u00e9sor de Rhum","og_description":"Diff\u00e9rents&nbsp;ateliers,Diff\u00e9rentes explorations&nbsp; Les ateliers abordent diff\u00e9rents aspects de chaque rhum, le repla\u00e7ant dans un environnement, dans une histoire, mais aussi dans un ensemble de savoir-faire.Ces ateliers sont des rencontres entre amateurs venus de diff\u00e9rents horizons. Chacun a emprunt\u00e9 son propre chemin&nbsp;pour venir au rhum, gr\u00e2ce \u00e0 des amis, des coll\u00e8gues, des voyages ou simplement parfois &hellip; Continuer la lecture de &laquo;&nbsp;Les ateliers&nbsp;&raquo;","og_url":"https:\/\/www.tresorderhum.fr\/index.php\/les-ateliers\/","og_site_name":"Tr\u00e9sor de Rhum","article_publisher":"https:\/\/www.facebook.com\/tresorderhum\/","article_modified_time":"2022-12-17T08:40:35+00:00","og_image":[{"width":2560,"height":1707,"url":"https:\/\/www.tresorderhum.fr\/wp-content\/uploads\/2022\/12\/AdobeStock_293240918-scaled.jpeg","type":"image\/jpeg"}],"twitter_card":"summary_large_image","twitter_misc":{"Dur\u00e9e de lecture estim\u00e9e":"2 minutes"},"schema":{"@context":"https:\/\/schema.org","@graph":[{"@type":"WebPage","@id":"https:\/\/www.tresorderhum.fr\/index.php\/les-ateliers\/","url":"https:\/\/www.tresorderhum.fr\/index.php\/les-ateliers\/","name":"Les ateliers - Tr\u00e9sor de Rhum","isPartOf":{"@id":"https:\/\/www.tresorderhum.fr\/#website"},"primaryImageOfPage":{"@id":"https:\/\/www.tresorderhum.fr\/index.php\/les-ateliers\/#primaryimage"},"image":{"@id":"https:\/\/www.tresorderhum.fr\/index.php\/les-ateliers\/#primaryimage"},"thumbnailUrl":"https:\/\/www.tresorderhum.fr\/wp-content\/uploads\/2022\/12\/AdobeStock_293240918-scaled.jpeg","datePublished":"2022-12-14T10:31:07+00:00","dateModified":"2022-12-17T08:40:35+00:00","breadcrumb":{"@id":"https:\/\/www.tresorderhum.fr\/index.php\/les-ateliers\/#breadcrumb"},"inLanguage":"fr-FR","potentialAction":[{"@type":"ReadAction","target":["https:\/\/www.tresorderhum.fr\/index.php\/les-ateliers\/"]}]},{"@type":"ImageObject","inLanguage":"fr-FR","@id":"https:\/\/www.tresorderhum.fr\/index.php\/les-ateliers\/#primaryimage","url":"https:\/\/www.tresorderhum.fr\/wp-content\/uploads\/2022\/12\/AdobeStock_293240918-scaled.jpeg","contentUrl":"https:\/\/www.tresorderhum.fr\/wp-content\/uploads\/2022\/12\/AdobeStock_293240918-scaled.jpeg","width":2560,"height":1707,"caption":"Young guys holding glasses of rhum on holiday . Hands with glasses closeup."},{"@type":"BreadcrumbList","@id":"https:\/\/www.tresorderhum.fr\/index.php\/les-ateliers\/#breadcrumb","itemListElement":[{"@type":"ListItem","position":1,"name":"Accueil","item":"https:\/\/www.tresorderhum.fr\/"},{"@type":"ListItem","position":2,"name":"Les ateliers"}]},{"@type":"WebSite","@id":"https:\/\/www.tresorderhum.fr\/#website","url":"https:\/\/www.tresorderhum.fr\/","name":"Tr\u00e9sor de Rhum","description":"ORGANISER UNE SOIR\u00c9E DEGUSTATION \u00c0 DOMICILE 100% D\u00c9DI\u00c9E AU RHUM, C\u2019EST ORIGINAL !","publisher":{"@id":"https:\/\/www.tresorderhum.fr\/#organization"},"potentialAction":[{"@type":"SearchAction","target":{"@type":"EntryPoint","urlTemplate":"https:\/\/www.tresorderhum.fr\/?s={search_term_string}"},"query-input":{"@type":"PropertyValueSpecification","valueRequired":true,"valueName":"search_term_string"}}],"inLanguage":"fr-FR"},{"@type":"Organization","@id":"https:\/\/www.tresorderhum.fr\/#organization","name":"Tr\u00e9sor de Rhum","url":"https:\/\/www.tresorderhum.fr\/","logo":{"@type":"ImageObject","inLanguage":"fr-FR","@id":"https:\/\/www.tresorderhum.fr\/#\/schema\/logo\/image\/","url":"https:\/\/www.tresorderhum.fr\/wp-content\/uploads\/2022\/12\/cropped-Tresor-de-rhum-1.png","contentUrl":"https:\/\/www.tresorderhum.fr\/wp-content\/uploads\/2022\/12\/cropped-Tresor-de-rhum-1.png","width":250,"height":250,"caption":"Tr\u00e9sor de Rhum"},"image":{"@id":"https:\/\/www.tresorderhum.fr\/#\/schema\/logo\/image\/"},"sameAs":["https:\/\/www.facebook.com\/tresorderhum\/","https:\/\/www.instagram.com\/tresorderhum\/?hl=fr"]}]}},"_links":{"self":[{"href":"https:\/\/www.tresorderhum.fr\/index.php\/wp-json\/wp\/v2\/pages\/101","targetHints":{"allow":["GET"]}}],"collection":[{"href":"https:\/\/www.tresorderhum.fr\/index.php\/wp-json\/wp\/v2\/pages"}],"about":[{"href":"https:\/\/www.tresorderhum.fr\/index.php\/wp-json\/wp\/v2\/types\/page"}],"author":[{"embeddable":true,"href":"https:\/\/www.tresorderhum.fr\/index.php\/wp-json\/wp\/v2\/users\/1"}],"replies":[{"embeddable":true,"href":"https:\/\/www.tresorderhum.fr\/index.php\/wp-json\/wp\/v2\/comments?post=101"}],"version-history":[{"count":9,"href":"https:\/\/www.tresorderhum.fr\/index.php\/wp-json\/wp\/v2\/pages\/101\/revisions"}],"predecessor-version":[{"id":155,"href":"https:\/\/www.tresorderhum.fr\/index.php\/wp-json\/wp\/v2\/pages\/101\/revisions\/155"}],"wp:featuredmedia":[{"embeddable":true,"href":"https:\/\/www.tresorderhum.fr\/index.php\/wp-json\/wp\/v2\/media\/64"}],"wp:attachment":[{"href":"https:\/\/www.tresorderhum.fr\/index.php\/wp-json\/wp\/v2\/media?parent=101"}],"curies":[{"name":"wp","href":"https:\/\/api.w.org\/{rel}","templated":true}]}}